{"id":913,"date":"2023-09-18T20:44:50","date_gmt":"2023-09-18T18:44:50","guid":{"rendered":"https:\/\/dechupet.in\/?post_type=product&#038;p=913"},"modified":"2025-07-09T13:19:24","modified_gmt":"2025-07-09T11:19:24","slug":"alfombra-sensorial-glad","status":"publish","type":"product","link":"https:\/\/dechupet.in\/index.php\/product\/alfombra-sensorial-glad\/","title":{"rendered":"Manta Sensorial \u00abGlad\u00bb"},"content":{"rendered":"","protected":false},"excerpt":{"rendered":"<p>Te presentamos nuestra manta o alfombra sensorial\u00a0 \u00abGlad\u00bb\u00a0 Mide 100 x 100 cm. y es uno de los juguetes sensoriales ideales para la estimulaci\u00f3n sensorial y f\u00edsica de l@s beb\u00e9s en los primeros meses.\u00a0 Pero no s\u00f3lo le servira en los primeros meses, le va a durar mucho tiempo. Cuando sea capaz de sentarse, jugar\u00e1 sobre ella con sus juguetes, y leer\u00e1 cuentos sentadito en su manta.<\/p>\n<p>Est\u00e1 confeccionada con tejidos estampados 100% de algod\u00f3n entre los que se encuentran tejidos de texturas para la estimulaci\u00f3n del tacto. El interior est\u00e1 provisto de una goata de 200 mm. de gramaje que la hace mullidita. Se compone de 5 cuadrados por fila y columna de 20&#215;20 cm. En esta medida ponemos mordedor extra\u00edble de madera natural, bolitas de madera natural, cintas de colores, cord\u00f3n de nudos de trapillo y 10 aplicaciones variadas.\u00a0 Recomendamos colocarla sobre una superficie que la a\u00edsle del suelo para evitar que se ensucie. Puede lavarse a m\u00e1quina sin problema con un programa y centrifugado cortos. Plancharla siempre por la parte de atr\u00e1s.<\/p>\n<p>La alfombra o manta de juegos ayudar\u00e1 al beb\u00e9 en su desarrollo psicomotor estimulando su curiosidad y sus sentidos.<\/p>\n<p>Si quieres una como \u00e9sta para tu beb\u00e9, te la hacemos igual.<\/p>\n<p>Plazo de entrega: 15 dias<\/p>\n<p>Puede variar alg\u00fan estampado aunque siempre se mantendr\u00e1n las mismas tonalidades.<\/p>\n","protected":false},"featured_media":920,"comment_status":"open","ping_status":"closed","template":"","meta":[],"product_brand":[],"product_cat":[24],"product_tag":[],"class_list":{"0":"post-913","1":"product","2":"type-product","3":"status-publish","4":"has-post-thumbnail","6":"product_cat-alfombra-sensorial","8":"first","9":"instock","10":"sale","11":"taxable","12":"shipping-taxable","13":"purchasable","14":"product-type-simple"},"jetpack_sharing_enabled":true,"_links":{"self":[{"href":"https:\/\/dechupet.in\/index.php\/wp-json\/wp\/v2\/product\/913","targetHints":{"allow":["GET"]}}],"collection":[{"href":"https:\/\/dechupet.in\/index.php\/wp-json\/wp\/v2\/product"}],"about":[{"href":"https:\/\/dechupet.in\/index.php\/wp-json\/wp\/v2\/types\/product"}],"replies":[{"embeddable":true,"href":"https:\/\/dechupet.in\/index.php\/wp-json\/wp\/v2\/comments?post=913"}],"wp:featuredmedia":[{"embeddable":true,"href":"https:\/\/dechupet.in\/index.php\/wp-json\/wp\/v2\/media\/920"}],"wp:attachment":[{"href":"https:\/\/dechupet.in\/index.php\/wp-json\/wp\/v2\/media?parent=913"}],"wp:term":[{"taxonomy":"product_brand","embeddable":true,"href":"https:\/\/dechupet.in\/index.php\/wp-json\/wp\/v2\/product_brand?post=913"},{"taxonomy":"product_cat","embeddable":true,"href":"https:\/\/dechupet.in\/index.php\/wp-json\/wp\/v2\/product_cat?post=913"},{"taxonomy":"product_tag","embeddable":true,"href":"https:\/\/dechupet.in\/index.php\/wp-json\/wp\/v2\/product_tag?post=913"}],"curies":[{"name":"wp","href":"https:\/\/api.w.org\/{rel}","templated":true}]}}