{"id":838,"date":"2023-07-28T16:35:52","date_gmt":"2023-07-28T14:35:52","guid":{"rendered":"https:\/\/dechupet.in\/?post_type=product&#038;p=838"},"modified":"2025-04-06T19:26:49","modified_gmt":"2025-04-06T17:26:49","slug":"alfombra-sensorial-pink","status":"publish","type":"product","link":"https:\/\/dechupet.in\/index.php\/product\/alfombra-sensorial-pink\/","title":{"rendered":"Manta Sensorial \u00abPink\u00bb"},"content":{"rendered":"","protected":false},"excerpt":{"rendered":"<p>Entre los juguetes sensoriales para los primeros meses, la manta o alfombra sensorial ocupa uno de los primeros lugares. Sobre ella,\u00a0 l@s beb\u00e9s ejercitar\u00e1n su musculatura al tiempo que estimular\u00e1n sus sentidos.<\/p>\n<p>A \u00e9sta la llamamos \u00abPink\u00bb.\u00a0 Mide 100 x 100 cm. Est\u00e1 confeccionada con tejidos estampados 100% de algod\u00f3n entre los que se encuentran tejidos de texturas para la estimulaci\u00f3n del tacto. El interior est\u00e1 provisto de una goata de 200 mm. de gramaje que la hace mullidita. Se compone de 5 cuadrados por fila y columna de 20&#215;20 cm. En esta medida ponemos mordedor extra\u00edble de madera natural, bolitas de madera natural, cintas de colores, cord\u00f3n de nudos de trapillo y 9 aplicaciones variadas de fieltro. Recomendamos colocarla sobre una superficie que la a\u00edsle del suelo para evitar que se ensucie. Puede lavarse a m\u00e1quina sin problema con un programa y centrifugado cortos. Plancharla siempre por la parte de atr\u00e1s.<\/p>\n<p>Si la quieres, te la hacemos igual para tu peque.<\/p>\n<p>Plazo de entrega: 15 dias<\/p>\n<p>Puede variar alg\u00fan estampado aunque siempre se mantendr\u00e1n las mismas tonalidades.<\/p>\n","protected":false},"featured_media":1054,"comment_status":"open","ping_status":"closed","template":"","meta":[],"product_brand":[],"product_cat":[24],"product_tag":[],"class_list":{"0":"post-838","1":"product","2":"type-product","3":"status-publish","4":"has-post-thumbnail","6":"product_cat-alfombra-sensorial","8":"first","9":"instock","10":"sale","11":"taxable","12":"shipping-taxable","13":"purchasable","14":"product-type-simple"},"jetpack_sharing_enabled":true,"_links":{"self":[{"href":"https:\/\/dechupet.in\/index.php\/wp-json\/wp\/v2\/product\/838","targetHints":{"allow":["GET"]}}],"collection":[{"href":"https:\/\/dechupet.in\/index.php\/wp-json\/wp\/v2\/product"}],"about":[{"href":"https:\/\/dechupet.in\/index.php\/wp-json\/wp\/v2\/types\/product"}],"replies":[{"embeddable":true,"href":"https:\/\/dechupet.in\/index.php\/wp-json\/wp\/v2\/comments?post=838"}],"wp:featuredmedia":[{"embeddable":true,"href":"https:\/\/dechupet.in\/index.php\/wp-json\/wp\/v2\/media\/1054"}],"wp:attachment":[{"href":"https:\/\/dechupet.in\/index.php\/wp-json\/wp\/v2\/media?parent=838"}],"wp:term":[{"taxonomy":"product_brand","embeddable":true,"href":"https:\/\/dechupet.in\/index.php\/wp-json\/wp\/v2\/product_brand?post=838"},{"taxonomy":"product_cat","embeddable":true,"href":"https:\/\/dechupet.in\/index.php\/wp-json\/wp\/v2\/product_cat?post=838"},{"taxonomy":"product_tag","embeddable":true,"href":"https:\/\/dechupet.in\/index.php\/wp-json\/wp\/v2\/product_tag?post=838"}],"curies":[{"name":"wp","href":"https:\/\/api.w.org\/{rel}","templated":true}]}}