{"id":823,"date":"2023-07-22T01:01:30","date_gmt":"2023-07-21T23:01:30","guid":{"rendered":"https:\/\/dechupet.in\/?post_type=product&#038;p=823"},"modified":"2025-04-06T19:27:29","modified_gmt":"2025-04-06T17:27:29","slug":"alfombra-sensorial-alegria","status":"publish","type":"product","link":"https:\/\/dechupet.in\/index.php\/product\/alfombra-sensorial-alegria\/","title":{"rendered":"Manta Sensorial \u00abAlegr\u00eda\u00bb"},"content":{"rendered":"","protected":false},"excerpt":{"rendered":"<p>Los juguetes sensoriales son una opci\u00f3n muy interesante para el desarrollo cognitivo de l@s beb\u00e9s. Uno de los m\u00e1s apreciados son las mantas o alfombras sensoriales por presentar\u00a0 elementos que ofrecen mucho est\u00edmulo para la evoluci\u00f3n de los m\u00e1s chiquitines.<\/p>\n<p>A \u00e9sta la hemos bautizado con el nombre de \u00abAlegr\u00eda\u00bb\u00a0 Mide 100 x 100 cm. y est\u00e1 confeccionada con tejidos estampados 100% de algod\u00f3n entre los que se encuentran tejidos de texturas para la estimulaci\u00f3n del tacto. El interior est\u00e1 provisto de una goata de 200 mm. de gramaje que la hace mullidita. Se compone de 5 cuadrados por fila y columna de 20&#215;20 cm. En esta medida ponemos mordedor extra\u00edble de madera natural, bolitas de madera natural, cintas de colores, cord\u00f3n de nudos de trapillo y 10 aplicaciones variadas de fieltro. Recomendamos colocarla sobre una superficie que la a\u00edsle del suelo para evitar que se ensucie. Puede lavarse a m\u00e1quina sin problema con un programa y centrifugado cortos. Plancharla siempre por la parte de atr\u00e1s.<\/p>\n<p>La alfombra o manta de juegos ayudar\u00e1 al beb\u00e9 en su desarrollo psicomotor estimulando su curiosidad y sus sentidos.<\/p>\n<p>La hacemos igual para tu beb\u00e9 ?<\/p>\n<p>Tardaremos unos 12 &#8211; 15 dias<\/p>\n<p>Puede variar alg\u00fan estampado aunque siempre se mantendr\u00e1n las mismas tonalidades.<\/p>\n","protected":false},"featured_media":824,"comment_status":"open","ping_status":"closed","template":"","meta":[],"product_brand":[],"product_cat":[24],"product_tag":[],"class_list":{"0":"post-823","1":"product","2":"type-product","3":"status-publish","4":"has-post-thumbnail","6":"product_cat-alfombra-sensorial","8":"first","9":"instock","10":"sale","11":"taxable","12":"shipping-taxable","13":"purchasable","14":"product-type-simple"},"jetpack_sharing_enabled":true,"_links":{"self":[{"href":"https:\/\/dechupet.in\/index.php\/wp-json\/wp\/v2\/product\/823","targetHints":{"allow":["GET"]}}],"collection":[{"href":"https:\/\/dechupet.in\/index.php\/wp-json\/wp\/v2\/product"}],"about":[{"href":"https:\/\/dechupet.in\/index.php\/wp-json\/wp\/v2\/types\/product"}],"replies":[{"embeddable":true,"href":"https:\/\/dechupet.in\/index.php\/wp-json\/wp\/v2\/comments?post=823"}],"wp:featuredmedia":[{"embeddable":true,"href":"https:\/\/dechupet.in\/index.php\/wp-json\/wp\/v2\/media\/824"}],"wp:attachment":[{"href":"https:\/\/dechupet.in\/index.php\/wp-json\/wp\/v2\/media?parent=823"}],"wp:term":[{"taxonomy":"product_brand","embeddable":true,"href":"https:\/\/dechupet.in\/index.php\/wp-json\/wp\/v2\/product_brand?post=823"},{"taxonomy":"product_cat","embeddable":true,"href":"https:\/\/dechupet.in\/index.php\/wp-json\/wp\/v2\/product_cat?post=823"},{"taxonomy":"product_tag","embeddable":true,"href":"https:\/\/dechupet.in\/index.php\/wp-json\/wp\/v2\/product_tag?post=823"}],"curies":[{"name":"wp","href":"https:\/\/api.w.org\/{rel}","templated":true}]}}