{"id":658,"date":"2023-03-15T21:01:09","date_gmt":"2023-03-15T20:01:09","guid":{"rendered":"https:\/\/dechupet.in\/?post_type=product&#038;p=658"},"modified":"2024-10-02T23:07:06","modified_gmt":"2024-10-02T21:07:06","slug":"cubo-sensorial-panda","status":"publish","type":"product","link":"https:\/\/dechupet.in\/index.php\/product\/cubo-sensorial-panda\/","title":{"rendered":"Cubo Sensorial \u00abPanda\u00bb"},"content":{"rendered":"<p>Cubo Sensorial \u00abPanda\u00bb<\/p>\n","protected":false},"excerpt":{"rendered":"<p>El Cubo Sensorial \u00abPanda\u00bb est\u00e1 pensado para ofrecer al beb\u00e9 muchas sensaciones nuevas y crear curiosidad y deseo de explorar. En cada una de sus caras encontrar\u00e1 un elemento que estimular\u00e1 su atenci\u00f3n y sus sentidos. Colores, formas, texturas y abalorios se unen para fomentar el desarrollo de sus capacidades cognitivas y empezar a entrenar el agarre con sus manos.<\/p>\n<p>Para su lavado, puede hacerse a mano o a m\u00e1quina.<\/p>\n<p>Tiempo de envio una semana.<\/p>\n","protected":false},"featured_media":671,"comment_status":"open","ping_status":"closed","template":"","meta":[],"product_brand":[],"product_cat":[23],"product_tag":[38],"class_list":{"0":"post-658","1":"product","2":"type-product","3":"status-publish","4":"has-post-thumbnail","6":"product_cat-cubo-sensorial","7":"product_tag-juguetes-sensoriales","9":"first","10":"instock","11":"sale","12":"taxable","13":"shipping-taxable","14":"purchasable","15":"product-type-simple"},"jetpack_sharing_enabled":true,"_links":{"self":[{"href":"https:\/\/dechupet.in\/index.php\/wp-json\/wp\/v2\/product\/658","targetHints":{"allow":["GET"]}}],"collection":[{"href":"https:\/\/dechupet.in\/index.php\/wp-json\/wp\/v2\/product"}],"about":[{"href":"https:\/\/dechupet.in\/index.php\/wp-json\/wp\/v2\/types\/product"}],"replies":[{"embeddable":true,"href":"https:\/\/dechupet.in\/index.php\/wp-json\/wp\/v2\/comments?post=658"}],"wp:featuredmedia":[{"embeddable":true,"href":"https:\/\/dechupet.in\/index.php\/wp-json\/wp\/v2\/media\/671"}],"wp:attachment":[{"href":"https:\/\/dechupet.in\/index.php\/wp-json\/wp\/v2\/media?parent=658"}],"wp:term":[{"taxonomy":"product_brand","embeddable":true,"href":"https:\/\/dechupet.in\/index.php\/wp-json\/wp\/v2\/product_brand?post=658"},{"taxonomy":"product_cat","embeddable":true,"href":"https:\/\/dechupet.in\/index.php\/wp-json\/wp\/v2\/product_cat?post=658"},{"taxonomy":"product_tag","embeddable":true,"href":"https:\/\/dechupet.in\/index.php\/wp-json\/wp\/v2\/product_tag?post=658"}],"curies":[{"name":"wp","href":"https:\/\/api.w.org\/{rel}","templated":true}]}}