{"id":590,"date":"2023-02-17T15:39:19","date_gmt":"2023-02-17T14:39:19","guid":{"rendered":"https:\/\/dechupet.in\/?post_type=product&#038;p=590"},"modified":"2024-12-02T20:01:12","modified_gmt":"2024-12-02T19:01:12","slug":"casita-de-munecas","status":"publish","type":"product","link":"https:\/\/dechupet.in\/index.php\/product\/casita-de-munecas\/","title":{"rendered":"Casita de Mu\u00f1ecas"},"content":{"rendered":"<p>Casita de Mu\u00f1ecas<\/p>\n","protected":false},"excerpt":{"rendered":"<p>La Casita de Mu\u00f1ecas es una opcion de juego muy interesante a partir de los 3 a\u00f1os. Indicada tanto para ni\u00f1os como para ni\u00f1as para desarrollar el juego libre y simb\u00f3lico. En el escenario de la casa, imitar\u00e1n los roles de la familia y recrear\u00e1n situaciones que ven en casa pero tambi\u00e9n imaginar\u00e1n situaciones nuevas. Aprender\u00e1n las rutinas diarias y afianzar\u00e1n h\u00e1bitos.<\/p>\n<p>El desarrollo de la psicomotricidad fina es otro de sus beneficios. Asi como la obtenci\u00f3n de nuevo vocabulario.<\/p>\n<p>Con la casita de mu\u00f1ecas, l@ peques gestionar\u00e1n sus miedos e inseguridades.<\/p>\n<p>Totalmente hecha a mano con tejidos de algod\u00f3n y fieltro se convierte en un juguete sostenible.<\/p>\n<p>Plazo de Entrega: 15 dias<\/p>\n","protected":false},"featured_media":600,"comment_status":"open","ping_status":"closed","template":"","meta":[],"product_brand":[],"product_cat":[32],"product_tag":[],"class_list":{"0":"post-590","1":"product","2":"type-product","3":"status-publish","4":"has-post-thumbnail","6":"product_cat-casita-de-munecas","8":"first","9":"instock","10":"sale","11":"taxable","12":"shipping-taxable","13":"purchasable","14":"product-type-simple"},"jetpack_sharing_enabled":true,"_links":{"self":[{"href":"https:\/\/dechupet.in\/index.php\/wp-json\/wp\/v2\/product\/590","targetHints":{"allow":["GET"]}}],"collection":[{"href":"https:\/\/dechupet.in\/index.php\/wp-json\/wp\/v2\/product"}],"about":[{"href":"https:\/\/dechupet.in\/index.php\/wp-json\/wp\/v2\/types\/product"}],"replies":[{"embeddable":true,"href":"https:\/\/dechupet.in\/index.php\/wp-json\/wp\/v2\/comments?post=590"}],"wp:featuredmedia":[{"embeddable":true,"href":"https:\/\/dechupet.in\/index.php\/wp-json\/wp\/v2\/media\/600"}],"wp:attachment":[{"href":"https:\/\/dechupet.in\/index.php\/wp-json\/wp\/v2\/media?parent=590"}],"wp:term":[{"taxonomy":"product_brand","embeddable":true,"href":"https:\/\/dechupet.in\/index.php\/wp-json\/wp\/v2\/product_brand?post=590"},{"taxonomy":"product_cat","embeddable":true,"href":"https:\/\/dechupet.in\/index.php\/wp-json\/wp\/v2\/product_cat?post=590"},{"taxonomy":"product_tag","embeddable":true,"href":"https:\/\/dechupet.in\/index.php\/wp-json\/wp\/v2\/product_tag?post=590"}],"curies":[{"name":"wp","href":"https:\/\/api.w.org\/{rel}","templated":true}]}}