{"id":1332,"date":"2025-07-16T10:07:53","date_gmt":"2025-07-16T08:07:53","guid":{"rendered":"https:\/\/dechupet.in\/?post_type=product&#038;p=1332"},"modified":"2025-07-16T11:03:58","modified_gmt":"2025-07-16T09:03:58","slug":"jabon-misitco-mano-de-fatima","status":"publish","type":"product","link":"https:\/\/dechupet.in\/index.php\/product\/jabon-misitco-mano-de-fatima\/","title":{"rendered":"Jab\u00f3n m\u00edsitco Mano de F\u00e1tima"},"content":{"rendered":"<p>Jab\u00f3n Artesanal \u00abMano de F\u00e1tima\u00bb para atraer potecci\u00f3n y buena suerte.<\/p>\n<p>Elaborado artesanalmente con glicerina vegetal sin SLS (Sodium Lauryl Sulfate) y enriquecido con aceite vegetal de almendras y aceites esenciales.<\/p>\n<p>Peso: 100 gr<\/p>\n<p>Ideal para un regalo con encanto e intenci\u00f3n.<\/p>\n<p>Marca en la casilla de comentarios tu elecci\u00f3n: lavanda o menta.<\/p>\n<p>&nbsp;<\/p>\n","protected":false},"excerpt":{"rendered":"<p>Jab\u00f3n Artesanal \u00abMano de F\u00e1tima\u00bb para atraer potecci\u00f3n y buena suerte. Elaborado artesanalmente con glicerina vegetal sin SLS (Sodium Lauryl Sulfate) y enriquecido con aceite vegetal de almendras y aceites [&hellip;]<\/p>\n","protected":false},"featured_media":1327,"comment_status":"open","ping_status":"closed","template":"","meta":[],"product_brand":[],"product_cat":[72],"product_tag":[],"class_list":{"0":"post-1332","1":"product","2":"type-product","3":"status-publish","4":"has-post-thumbnail","6":"product_cat-jabones-artesanales","8":"first","9":"instock","10":"sale","11":"taxable","12":"shipping-taxable","13":"purchasable","14":"product-type-simple"},"jetpack_sharing_enabled":true,"_links":{"self":[{"href":"https:\/\/dechupet.in\/index.php\/wp-json\/wp\/v2\/product\/1332","targetHints":{"allow":["GET"]}}],"collection":[{"href":"https:\/\/dechupet.in\/index.php\/wp-json\/wp\/v2\/product"}],"about":[{"href":"https:\/\/dechupet.in\/index.php\/wp-json\/wp\/v2\/types\/product"}],"replies":[{"embeddable":true,"href":"https:\/\/dechupet.in\/index.php\/wp-json\/wp\/v2\/comments?post=1332"}],"wp:featuredmedia":[{"embeddable":true,"href":"https:\/\/dechupet.in\/index.php\/wp-json\/wp\/v2\/media\/1327"}],"wp:attachment":[{"href":"https:\/\/dechupet.in\/index.php\/wp-json\/wp\/v2\/media?parent=1332"}],"wp:term":[{"taxonomy":"product_brand","embeddable":true,"href":"https:\/\/dechupet.in\/index.php\/wp-json\/wp\/v2\/product_brand?post=1332"},{"taxonomy":"product_cat","embeddable":true,"href":"https:\/\/dechupet.in\/index.php\/wp-json\/wp\/v2\/product_cat?post=1332"},{"taxonomy":"product_tag","embeddable":true,"href":"https:\/\/dechupet.in\/index.php\/wp-json\/wp\/v2\/product_tag?post=1332"}],"curies":[{"name":"wp","href":"https:\/\/api.w.org\/{rel}","templated":true}]}}