{"id":1176,"date":"2024-10-12T20:47:04","date_gmt":"2024-10-12T18:47:04","guid":{"rendered":"https:\/\/dechupet.in\/?post_type=product&#038;p=1176"},"modified":"2025-07-06T13:07:34","modified_gmt":"2025-07-06T11:07:34","slug":"cesto-tesoros-baby","status":"publish","type":"product","link":"https:\/\/dechupet.in\/index.php\/product\/cesto-tesoros-baby\/","title":{"rendered":"Cesto Tesoros \u00abBaby\u00bb"},"content":{"rendered":"<p>El Cesto de los Tesoros es una herramienta de estimulaci\u00f3n sensorial para beb\u00e9s a partir de los 4 meses de edad. Consiste en una cesta llena de objetos cotidianos con diferentes texturas, formas, tama\u00f1os, colores y sonidos que los beb\u00e9s pueden explorar y manipular libremente bajo la supervisi\u00f3n de una adulto. Adem\u00e1s de los que nosotros presentamos en nuestro Cesto, los pap\u00e1s y mam\u00e1s pueden a\u00f1adir en el mismo, otros objetos que consideren adecuados, tales como cucharas, esponjas, pa\u00f1uelos, frutas y verduras de juguetes siempre teniendo cuidado que sean elementos que no presenten riesgo ninguno para los peque\u00f1os.<\/p>\n<p>En este cesto \u00abBaby\u00bb, tu beb\u00e9 encontrar\u00e1 5 piezas distintas con las que podr\u00e1 interactuar:\u00a0 Sonajero rodari, 1 botella sensorial, trapito de apego y 2 pelotas de texturas en un cesto de 20 cm. de diametro.<\/p>\n","protected":false},"excerpt":{"rendered":"<p>El Cesto de los Tesoros es una herramienta de estimulaci\u00f3n sensorial para beb\u00e9s a partir de los 4 meses de edad. Consiste en una cesta llena de objetos cotidianos con [&hellip;]<\/p>\n","protected":false},"featured_media":1177,"comment_status":"open","ping_status":"closed","template":"","meta":[],"product_brand":[],"product_cat":[71],"product_tag":[],"class_list":{"0":"post-1176","1":"product","2":"type-product","3":"status-publish","4":"has-post-thumbnail","6":"product_cat-sensorial","8":"first","9":"instock","10":"sale","11":"taxable","12":"shipping-taxable","13":"purchasable","14":"product-type-simple"},"jetpack_sharing_enabled":true,"_links":{"self":[{"href":"https:\/\/dechupet.in\/index.php\/wp-json\/wp\/v2\/product\/1176","targetHints":{"allow":["GET"]}}],"collection":[{"href":"https:\/\/dechupet.in\/index.php\/wp-json\/wp\/v2\/product"}],"about":[{"href":"https:\/\/dechupet.in\/index.php\/wp-json\/wp\/v2\/types\/product"}],"replies":[{"embeddable":true,"href":"https:\/\/dechupet.in\/index.php\/wp-json\/wp\/v2\/comments?post=1176"}],"wp:featuredmedia":[{"embeddable":true,"href":"https:\/\/dechupet.in\/index.php\/wp-json\/wp\/v2\/media\/1177"}],"wp:attachment":[{"href":"https:\/\/dechupet.in\/index.php\/wp-json\/wp\/v2\/media?parent=1176"}],"wp:term":[{"taxonomy":"product_brand","embeddable":true,"href":"https:\/\/dechupet.in\/index.php\/wp-json\/wp\/v2\/product_brand?post=1176"},{"taxonomy":"product_cat","embeddable":true,"href":"https:\/\/dechupet.in\/index.php\/wp-json\/wp\/v2\/product_cat?post=1176"},{"taxonomy":"product_tag","embeddable":true,"href":"https:\/\/dechupet.in\/index.php\/wp-json\/wp\/v2\/product_tag?post=1176"}],"curies":[{"name":"wp","href":"https:\/\/api.w.org\/{rel}","templated":true}]}}